q(-25). Let s = 16 + r. What is the remainder when s is divided by 10?
8
Let w(o) = -o**3 + 10*o**2 + 5*o + 13. Calculate the remainder when w(10) is divided by (-4 - (-100)/12)*3.
11
Let t(g) = -9*g - 141. What is the remainder when 7 is divided by t(-16)?
1
Suppose 0 = 11*m - 7*m - 8. Suppose -4*a - 3*q + 147 = 0, -m*a + 3*q + 84 = a. What is the remainder when a is divided by 9?
6
Suppose d = -13*d + 406. Let z(f) = 2*f**2 + 8*f + 8. What is the remainder when z(-7) is divided by d?
21
Let u(m) = -m + 18. Let w be u(16). Suppose -h + 4 + 0 = 0, w*h - 41 = -3*r. Calculate the remainder when 19 is divided by r.
8
Let k = 24 + 20. Let p = -12 + 21. What is the remainder when k is divided by p?
8
Suppose i = -2*i - 12, -4*d - i + 164 = 0. Calculate the remainder when d is divided by 24.
18
Suppose 0 = 5*o + 861 - 916. Calculate the remainder when 107 is divided by o.
8
Suppose -14 = -f + 9. Suppose f*h - 360 = 19*h. What is the remainder when h is divided by 31?
28
Calculate the remainder when 453 is divided by (4/3 - (-1034)/66) + -5.
9
Suppose 4*z = 5*v + 7, -5*v + 10 = 2*z - 31. Suppose 4*j = -z, 4*j = -f - 1 + 38. What is the remainder when f is divided by 36/15*80/12?
13
Suppose -y + 9 = 5. Let c(o) = -6*o**3 + 4*o**2 + 7*o**2 + 1 + o**3 + y*o**3. What is the remainder when 1 is divided by c(11)?
0
Suppose -2 = -5*l + 3. Calculate the remainder when 11/2 - (-178)/356 is divided by l.
0
Let l = 225 + -191. What is the remainder when l is divided by 10?
4
Let i = -47 + 53. Suppose i = 6*m - 42. Calculate the remainder when 22 is divided by m.
6
Let i = 394 + -211. Suppose -352 = -5*d + i. Calculate the remainder when d is divided by 22.
19
Let k(h) = 3*h**2 - 21*h + 11. What is the remainder when 48 is divided by k(7)?
4
Let g = 13 + -13. Suppose 4*m - 2*m - 48 = g. Let f(o) = 3*o - 5. What is the remainder when m is divided by f(6)?
11
Suppose 135 = 29*a - 20*a. Calculate the remainder when 42 is divided by a.
12
Let f(g) = 2*g**3 - 25*g**2 - 4*g - 44. What is the remainder when f(13) is divided by 26?
21
Let b = -312 + 467. Calculate the remainder when b is divided by 41.
32
Let i = -148 + 127. Let v = 32 + i. Calculate the remainder when v is divided by 6.
5
Calculate the remainder when 127 is divided by 6/3 + 13 + -8 + 3.
7
Let n(y) = y**2 - 13*y - 18. Let v be n(14). Let g(s) = -s**2 - 5*s - 2. Let z be g(v). Calculate the remainder when 27 is divided by 7 + z + (-6 - -7).
7
Let s(k) = -k**2 + k + 84. Let h = 72 + -42. What is the remainder when s(0) is divided by h?
24
Let q = 1609 - 1452. Calculate the remainder when q is divided by 57.
43
Suppose 36 = 18*m - 36. Suppose i - 4*t - 76 = 0, -m*i - 6*t = -t - 367. What is the remainder when i is divided by 18?
16
Let r(f) be the third derivative of -f**5/60 + 11*f**4/24 - f**3/2 + 4*f**2. Calculate the remainder when r(8) is divided by 42/56*(9 + -1).
3
Let b(t) = -3*t**3 + 47*t**2 - 48*t + 12. Calculate the remainder when b(14) is divided by 16.
0
Suppose 0 = 3*f - 3*m, -3*f - 7*m - 7 = -3*m. Let u be (-1)/(-2) - f/(-2). Let g(q) = -q**3 + q**2 + 51. What is the remainder when g(u) is divided by 27?
24
Suppose 0*a = 4*a - 20. Suppose 7 = 4*p - a. Suppose p*t + 2*t = 40. Calculate the remainder when 14 is divided by t.
6
Let c = 186 - -52. Calculate the remainder when c is divided by 41.
33
Let d be ((-162)/(-4))/(5/(-10)). Let b be 2/(-9) + (-180)/d. Calculate the remainder when b/3 + (-498)/(-9) is divided by 19.
18
Let o(p) = -2*p + 4. Let w(g) be the third derivative of 7*g**5/4 - 5*g**2. Calculate the remainder when w(1) is divided by o(-7).
15
What is the remainder when 7500/105 + 3/(-7) is divided by 25?
21
Let t(k) = -3*k**3 - k**2 - 2*k. Let s(q) = q - 2. Let u be s(0). What is the remainder when 4158/44 - 2/(2 - 6) is divided by t(u)?
23
Suppose -2*z + 31 = 5*m, -m + 2*z - 16 = -3*m. Calculate the remainder when -2 + 69 + (m - 3) is divided by 12.
9
Let i = 1467 + -1434. Let r = 16 - 9. Calculate the remainder when i is divided by r.
5
Let f be (-2)/(-4)*(6 - 2). Suppose 0 = -3*q - f*q + 250. What is the remainder when q is divided by 13?
11
Let v(o) = -o**3 + 2. Let t be v(-2). Calculate the remainder when 38 is divided by (1 + t/(-6))*-30.
18
Suppose -2*j = 3*p - 115 - 42, 5*j + 217 = 4*p. What is the remainder when p is divided by 9?
8
Suppose -q = 1, -2*m - 4*q + 9*q + 529 = 0. Calculate the remainder when m is divided by 44.
42
Let u(z) = 11*z - 5. Let d(g) = 4*g - 2. Let i(w) = -7*d(w) + 2*u(w). What is the remainder when 47 is divided by i(-2)?
15
Suppose 0 = -3*w + 5*m + 26, -m - 38 = -5*w + 2*m. Let d = -56 - -425. Suppose -9*f + 0*f = -d. What is the remainder when f is divided by w?
6
Suppose 2*o + 3*v + 20 = -68, -148 = 4*o - v. Let i = o + 71. Let u(t) = -3*t. What is the remainder when i is divided by u(-4)?
9
Let b be 2002/(-10) - 1/(-5). What is the remainder when 15 is divided by (-2)/(-6) - b/30?
1
Let o be 3/(0 + -3) - -2. Suppose 14 = u + o. Let l(y) = 7*y**3 - 3*y**2 + 4*y - 2. Calculate the remainder when l(2) is divided by u.
11
Calculate the remainder when 25 is divided by (16/10)/((-132)/(-10) + -13).
1
Suppose 50 = 4*g - 130. Suppose -2*u = u - g. Calculate the remainder when 25 is divided by u.
10
Suppose -15 = 5*y, 2*y + 2*y - 6 = -2*v. Suppose 0 = i - 2*i + v. Calculate the remainder when 17 is divided by i.
8
Let y(x) = x**3 - 3*x + 2. Suppose 3*t - 4*h + 28 = -t, t = -3*h + 9. Let m be y(t). What is the remainder when m/(-12)*6/4 is divided by 1?
0
Suppose -3*i - 2*c = -7, 3*c = -5*i - c + 9. Suppose -i*a + 104 = 5*n + 14, 0 = -3*n - 5*a + 48. Calculate the remainder when 8/6*48 + (0 - 4) is divided by n.
18
Suppose 429 = 9*l - 6*l - 3*p, -127 = -l - 3*p. Calculate the remainder when l is divided by 31.
15
Suppose 27 = 2*h + h. Let a(o) = -o**3 + 9*o**2 + 19. What is the remainder when a(h) is divided by 11?
8
Let k(y) = 21*y**2 + 1. What is the remainder when k(1) is divided by (-21)/35 + 192/20?
4
Suppose -4*y + 150 = -90. Let k = y + -35. Suppose -3 = -2*w + 5, 2*f = 3*w + 18. Calculate the remainder when k is divided by f.
10
Let j(z) = z**2 + 1. Let d be (1 + -2 - -1)*1. Let m(i) = 2*i + 17. Calculate the remainder when m(d) is divided by j(-2).
2
Suppose -162 = -4*r + 530. What is the remainder when r is divided by 16?
13
Let z be 4 + 0 - 0 - (0 + -2). Suppose -2*a - 5*w + 35 = -6*a, 0 = 2*a + 4*w + 24. What is the remainder when (a/4)/(z/(-60)) is divided by 7?
4
Let o = 95 + 8. What is the remainder when o is divided by 36?
31
Let k(z) = z**2 - 19*z + 49. What is the remainder when k(30) is divided by 64?
59
Let l(q) = -2*q**2 - 29*q + 22. Let a = 13 - 2. Let g = 0 + a. Calculate the remainder when g is divided by l(-15).
4
Let s(y) be the second derivative of -y**5/20 - 3*y**4/4 - 11*y**3/6 - y**2 - y. What is the remainder when s(-8) is divided by 14?
8
Let p(c) = -c**3 - 4*c**2 + 3*c + 17. What is the remainder when 92 is divided by p(-5)?
11
Calculate the remainder when -5*(-3)/10 + 403/2 is divided by 17.
16
Let y = -384 - -355. Let r be -2 + (2 - 1) - -34. Let l = y + r. Calculate the remainder when 9 is divided by l.
1
Suppose -4*c - 233 = -5*x, 2*x - 140 + 42 = 4*c. Suppose -q + 0*q + 4*k + 42 = 0, q = k + x. What is the remainder when q is divided by 10?
6
Let o(y) = 2*y**2 - y - 10. Let h = -65 + 69. What is the remainder when o(3) is divided by h?
1
Let u = 21 - -461. What is the remainder when u is divided by 44?
42
Suppose -2*g - 396 = -5*u, 5 = -4*g - 7. Calculate the remainder when u is divided by 71.
7
Suppose 78*v = 38*v + 4000. What is the remainder when v is divided by 18?
10
Suppose m - 4 = 0, 2*h - m + 52 + 16 = 0. Calculate the remainder when 125 is divided by h*(-3)/3*1.
29
Let h(m) = 72*m**2 + 2*m - 1. Let c be h(1). Let w = c - 64. Calculate the remainder when 42 is divided by w.
6
Suppose 47 = -24*g + 25*g. What is the remainder when g is divided by 24?
23
Let i = -39 + 56. Let h = -12 + i. Let t = 14 - -2. Calculate the remainder when t is divided by h.
1
Suppose q + 4*q - 15 = 0. Suppose -15 = -5*d + 4*r - 0*r, 2*r + 9 = q*d. Suppose -d*n + 8 + 13 = 0. Calculate the remainder when 12 is divided by n.
5
Suppose 5*d = -o + 107, -5*o = 7*d + 187 - 632. What is the remainder when o is divided by 35?
12
Let a = 